e hundred thousands digit of 47415447?
4
What is the thousands digit of 11789099?
9
What is the tens digit of 7898223?
2
What is the hundreds digit of 121468561?
5
What is the units digit of 158896086?
6
What is the hundreds digit of 7356779424?
4
What is the hundred millions digit of 485602495?
4
What is the thousands digit of 43653191?
3
What is the ten thousands digit of 817926269?
2
What is the hundred millions digit of 6923954451?
9
What is the units digit of 36416782?
2
What is the units digit of 1264088626?
6
What is the ten thousands digit of 1958386842?
8
What is the hundreds digit of 57944473?
4
What is the millions digit of 1790341820?
0
What is the units digit of 823200751?
1
What is the hundreds digit of 18067711?
7
What is the thousands digit of 66971455?
1
What is the hundred millions digit of 600928043?
6
What is the ten thousands digit of 785638193?
3
What is the billions digit of 3896370805?
3
What is the hundred thousands digit of 146513494?
5
What is the tens digit of 147078839?
3
What is the ten millions digit of 1183657914?
8
What is the hundreds digit of 1298199571?
5
What is the hundreds digit of 63638028?
0
What is the ten thousands digit of 97684632?
8
What is the millions digit of 411571347?
1
What is the hundred thousands digit of 81436119?
4
What is the billions digit of 1207363208?
1
What is the millions digit of 321085913?
1
What is the tens digit of 3283526048?
4
What is the ten thousands digit of 465918147?
1
What is the thousands digit of 1195626645?
6
What is the thousands digit of 885114396?
4
What is the hundred thousands digit of 162871386?
8
What is the tens digit of 40411525?
2
What is the hundreds digit of 434340941?
9
What is the thousands digit of 1681918305?
8
What is the ten thousands digit of 522336365?
3
What is the units digit of 42103542?
2
What is the millions digit of 393573874?
3
What is the hundred millions digit of 268264476?
2
What is the billions digit of 2452911315?
2
What is the ten millions digit of 208039136?
0
What is the thousands digit of 18066876?
6
What is the hundreds digit of 135854841?
8
What is the billions digit of 4088189685?
4
What is the tens digit of 103995206?
0
What is the hundred millions digit of 1569645789?
5
What is the ten thousands digit of 323014285?
1
What is the ten millions digit of 210359191?
1
What is the thousands digit of 102953305?
3
What is the billions digit of 1167810898?
1
What is the units digit of 3095733758?
8
What is the ten millions digit of 28751590?
2
What is the ten millions digit of 1287310404?
8
What is the thousands digit of 73659565?
9
What is the hundreds digit of 270637631?
6
What is the millions digit of 816658537?
6
What is the thousands digit of 550110665?
0
What is the ten millions digit of 449601575?
4
What is the thousands digit of 1529367400?
7
What is the units digit of 6729405068?
8
What is the thousands digit of 568991025?
1
What is the hundred thousands digit of 2077927817?
9
What is the millions digit of 3596185834?
6
What is the hundred thousands digit of 95691479?
6
What is the hundreds digit of 411843?
8
What is the hundreds digit of 28828417?
4
What is the millions digit of 25429185?
5
What is the units digit of 1094911012?
2
What is the tens digit of 1265459061?
6
What is the ten thousands digit of 118766621?
6
What is the thousands digit of 208043415?
3
What is the tens digit of 29663235?
3
What is the millions digit of 89419222?
9
What is the ten millions digit of 49821059?
4
What is the hundreds digit of 184147087?
0
What is the hundreds digit of 65585980?
9
What is the hundreds digit of 627056721?
7
What is the hundred thousands digit of 60495359?
4
What is the ten millions digit of 759754148?
5
What is the ten millions digit of 381493961?
8
What is the hundreds digit of 22826098?
0
What is the ten thousands digit of 1131604408?
0
What is the ten millions digit of 41735503?
4
What is the ten millions digit of 476117353?
7
What is the hundred millions digit of 241698285?
2
What is the tens digit of 41584220?
2
What is the hundred thousands digit of 32087042?
0
What is the tens digit of 186823615?
1
What is the units digit of 1696171825?
5
What is the thousands digit of 163067356?
7
What is the thousands digit of 8223134?
3
What is the ten millions digit of 513588918?
1
What is the hundreds digit of 161013190?
1
What is the ten millions digit of 14212181?
1
What is the hundreds digit of 1107777849?
8
What is the hundreds digit of 490998654?
6
What is the millions digit of 4167956?
4
What is the hundreds digit of 75894686?
6
What is the hundred millions digit of 659474534?
6
What is the millions digit of 3149765012?
9
What is the hundreds digit of 1903538120?
1
What is the hundreds digit of 38453205?
2
What is the units digit of 25647261?
1
What is the ten thousands digit of 227853292?
5
What is the hundred millions digit of 2199521351?
1
What is the hundred thousands digit of 126863882?
8
What is the hundred thousands digit of 575290642?
2
What is the units digit of 7349282831?
1
What is the thousands digit of 282745211?
5
What is the millions digit of 3492975?
3
What is the millions digit of 1091536920?
1
What is the ten thousands digit of 662743608?
4
What is the millions digit of 17291197?
7
What is the ten thousands digit of 667122168?
2
What is the units digit of 66193765?
5
What is the ten millions digit of 1593495523?
9
What is the hundred thousands digit of 193673420?
6
What is the hundred millions digit of 237421198?
2
What is the thousands digit of 78899071?
9
What is the hundreds digit of 76798280?
2
What is the hundreds digit of 98380527?
5
What is the millions digit of 79336797?
9
What is the thousands digit of 138473549?
3
What is the ten thousands digit of 1762813264?
1
What is the tens digit of 402125410?
1
What is the ten thousands digit of 1113353966?
5
What is the ten thousands digit of 332322278?
2
What is the hundreds digit of 3341773?
7
What is the millions digit of 207446527?
7
What is the hundred thousands digit of 7471153080?
1
What is the tens digit of 310935576?
7
What is the units digit of 176754993?
3
What is the ten thousands digit of 108320978?
2
What is the units digit of 594724612?
2
What is the tens digit of 318446363?
6
What is the ten thousands digit of 1448520177?
2
What is the hundreds digit of 37426746?
7
What is the ten thousands digit of 3117155411?
5
What is the units digit of 11614727?
7
What is the ten thousands digit of 1396362328?
6
What is the thousands digit of 1389358062?
8
What is the hundreds digit of 565385249?
2
What is the tens digit of 26635087?
8
What is the tens digit of 388023977?
7
What is the ten thousands digit of 3543081429?
8
What is the billions digit of 2950869218?
2
What is the hundred thousands digit of 75616742?
6
What is the ten thousands digit of 143091975?
9
What is the hundreds digit of 1910985954?
9
What is the units digit of 2492614115?
5
What is the hundreds digit of 37375481?
4
What is the units digit of 171262293?
3
What is the hundred millions digit of 149937859?
1
What is the millions digit of 195765384?
5
What is the hundred thousands digit of 13387319?
3
What is the ten millions digit of 83975260?
8
What is the hundred thousands digit of 1068711258?
7
What is the hundred millions digit of 2385108008?
3
What is the millions digit of 9382733?
9
What is the millions digit of 357874524?
7
What is the units digit of 103447160?
0
What is the hundreds digit of 1988768?
7
What is the hundred millions digit of 725474932?
7
What is the thousands digit of 264574139?
4
What is the hundreds digit of 1519099290?
2
What is the units digit of 1507982909?
9
What is the thousands digit of 669893873?
3
What is the hundred thousands digit of 255795192?
7
What is the ten thousands digit of 1102270706?
7
What is the hundred thousands digit of 131954032?
9
What is the hundred millions digit of 4350849665?
3
What is the millions digit of 5578294422?
8
What is the tens digit of 18745472?
7
What is the units digit of 2905164816?
6
What is the millions digit of 162934035?
2
What is the thousands digit of 109109532?
9
What is the units digit of 29340917?
7
What is the tens digit of 75402616?
1
What is the hundred thousands digit of 303502576?
5
What is the ten 